
38
Let p be 308/(-11)*(-12)/7. Let b = 225 - 80. Suppose -385 = -15*h - b. Calculate the greatest common factor of h and p.
16
Suppose 2954 = 31*c + 9. Calculate the highest common divisor of 50 and c.
5
Let l(j) = j + 11. Let m be l(-6). Suppose -16 = -4*c + m*w, -14 + 3 = -3*c + 4*w. What is the greatest common factor of c and 27?
9
Let i be (735/42)/((-5)/(-664)). What is the highest common factor of i and 28?
28
Let m(c) = -19*c + 1187. Let n be m(61). Calculate the greatest common factor of 581 and n.
7
Suppose -10737 - 5603 = -266*d + 6536. What is the greatest common factor of d and 22?
2
Suppose 0 = 3*h - 66 - 6. Suppose -4*s = -s - h. What is the greatest common factor of 184 and s?
8
Let x = 12 - -138. Let n(l) = l**2 - 2*l - 5. Let r = 6 + 1. Let a be n(r). Calculate the greatest common factor of x and a.
30
Suppose 0 = 16*y - 882 - 878. Let a be 24/9*(y + 1 - 6). Calculate the greatest common divisor of 35 and a.
35
Suppose 0 = -4*c + 88 + 56. Let q be 6/10*(0/(-15) + 10). What is the highest common divisor of q and c?
6
Let u = 10 + -6. Let s(i) = -i**3 + 6*i**2 - 6*i + 4. Let n be s(u). Suppose -5*v - 37 = -127. What is the greatest common factor of v and n?
6
Let i(b) = -b**3 - 4*b**2 + 2*b + 2. Let g be i(-2). Let o be (26 - 6)/(g/(-150)). What is the highest common divisor of 120 and o?
60
Let p be (-2756)/(-17) + (-4)/68*2. Calculate the highest common divisor of 162 and p.
162
Suppose 0 = -148*z + 211*z - 55692. Calculate the greatest common divisor of z and 52.
52
Let c be (-28)/(-4) + -6 - 224. Let t = c + 230. What is the greatest common factor of 14 and t?
7
Let n = -1305 - -1780. Calculate the greatest common divisor of 57 and n.
19
Let h(l) = 2*l - 17. Let f be h(13). Let a be (-1)/((f/(-6) - -2)*-2). Let b be 496/24 + a/3. What is the greatest common factor of b and 21?
21
Let a = -189 - -117. Let u = 77 + a. Let b(g) = 2*g**2 - 2*g + 1. Let z be b(2). What is the greatest common divisor of z and u?
5
Let c be (-177)/(-9) + (-30)/(-9) + -4. Let u(a) = -a**3 + 8*a**2 - 6*a + 2. Let d be u(6). Calculate the greatest common factor of c and d.
19
Suppose -23*g = -14*g - 16*g + 784. Suppose 0*y = 4*y - 2*j + 44, 4*y + 2*j = -52. Let p be 113/4 + 3/y. Calculate the greatest common divisor of g and p.
28
Suppose 22*l + 635 + 1741 = 0. Let v = l - -114. Calculate the greatest common divisor of 6 and v.
6
Suppose -198*j - 3780 = -213*j. What is the greatest common factor of j and 2912?
28
Let v(g) = g**2 - 69*g - 30. Let h be v(-16). Suppose -13*t = 25*t - h. What is the greatest common divisor of 28 and t?
7
Suppose -3*k + 2*k = -30. Let o = k + -27. Let u be o/9 + 956/12. Calculate the highest common divisor of u and 16.
16
Suppose 2*j = -4*h + 348, 4*h - 344 = -9*j + 6*j. Suppose 4*i = -4*w + 68, 14*i + 4*w = 9*i + h. What is the highest common divisor of i and 21?
21
Let c = -7543 - -7578. What is the highest common divisor of c and 160?
5
Suppose -2*i = -0*i + 5*z - 1, 0 = -2*z + 10. Let k(r) = -10*r + 12. Let g be k(i). What is the highest common factor of 176 and g?
44
Let v = 78 - 70. Let i = 101 - v. Calculate the greatest common divisor of i and 31.
31
Suppose 0 = 2*b - 9*i - 7838, 5*i - 20303 + 818 = -5*b. What is the greatest common divisor of b and 332?
83
Suppose -4*b + 27*b = -5773. Let j = b - -331. Calculate the highest common factor of 12 and j.
4
Let z(k) = -19*k - 85. Let o be z(-11). Let r = o - 14. What is the greatest common factor of r and 22?
22
Let r = 7 - -7. Let m(y) = 38*y - 9. Let o be m(1). Suppose o*j = 27*j + 28. Calculate the greatest common divisor of r and j.
14
Let r(q) = q**2 - 27*q + 52. Let c be r(25). Let b be 1/(c/8) - (-2 - 7). Calculate the highest common divisor of b and 65.
13
Let w = -11101 + 11231. What is the highest common factor of w and 25?
5
Let b = 11461 - 9025. What is the greatest common factor of 21 and b?
21
Let p be 92/10 - (-13)/(-65). Let n be 13 - p/((-36)/(-8)). Let f = 30 - 29. Calculate the greatest common factor of f and n.
1
Let v(d) = -3*d**2 + 2*d**2 - 234*d**3 - 226*d**3 + 2 - 67*d**3. Let z = 113 - 114. Let f be v(z). Calculate the greatest common divisor of f and 48.
48
Let p(i) = -196*i**3 + i**2 + 11*i + 1. Let n be p(-2). Calculate the highest common divisor of 2115 and n.
141
Let k = 63 - 45. Suppose 2*f - 3*f + 45 = 0. Let m = -39 + f. What is the highest common divisor of k and m?
6
Suppose d = 3*m + 144, 0 = 4*d - 6*d - 4*m + 298. Let w be -105*(-16)/280*7. What is the greatest common factor of w and d?
21
Suppose 3*y - 5*q = 2 + 6, 5*y - 2*q - 26 = 0. Let w be ((-483)/6 + -6)*2. Let b = -165 - w. Calculate the greatest common factor of b and y.
2
Suppose -44*k = -783 - 11009. Calculate the greatest common factor of k and 670.
134
Suppose -2*i + 21 = 11. Suppose -12*z - i*z = -136. Calculate the highest common factor of 5 and z.
1
Let s(g) = 11*g**3 + 5*g**2 + 14*g - 142. Let w be s(5). What is the highest common factor of 7 and w?
7
Suppose 7*g = -361 + 543. Let y = 11 - 11. Suppose y*s - 702 = -3*s. What is the highest common divisor of s and g?
26
Let b = -1136 + 2192. Calculate the greatest common divisor of b and 480.
96
Let p be -22*64/(-160)*1420/16. Calculate the greatest common factor of 209 and p.
11
Let q = 58 + -62. Let n be (q - -1)*(-140)/((-49)/(-7)). Calculate the highest common factor of n and 300.
60
Let t be (-268600)/(-237) + 8/12. Calculate the greatest common factor of 28 and t.
14
Let f be ((-4)/5)/(108/(-41850)). What is the greatest common divisor of 70 and f?
10
Suppose -5*d - 227*a + 401 = -228*a, 3 = -3*a. What is the highest common factor of d and 180?
20
Suppose -181*a - 4738 = -19218. Let m be -25*(44/(-10) + 2). What is the greatest common divisor of a and m?
20
Let l be (-4)/(-6) - 175/(-21). Let g = l + -6. Let z(r) = -r - 4. Let c be z(-6). What is the greatest common divisor of g and c?
1
Suppose 546480 = 96*j + 90338 - 391730. What is the highest common divisor of 69 and j?
69
Let j(r) = -17*r + 1431. Let l be j(66). Calculate the highest common divisor of 1751 and l.
103
Let q be ((6/(-4))/1)/(6/8). Let v be q + 18 + -4 + 4. Let r(d) = 2*d - 21. Let c be r(v). What is the highest common factor of 55 and c?
11
Let v be 6*1/(0 + 2). Suppose 6 = 3*j, -3*n + 77 = -v*j - 52. What is the greatest common divisor of 135 and n?
45
Let a be (102 - -15)/1 - 13. Calculate the highest common factor of 1222 and a.
26
Suppose 372*n = 3*v + 370*n - 55677, 4*v - 5*n - 74243 = 0. What is the greatest common divisor of 77 and v?
77
Let v = 91 - 91. Suppose -2*y + 4 = -4. Suppose -5*k + y = u, -u + 3*u - 5*k - 38 = v. What is the greatest common divisor of u and 7?
7
Let f be (1 + -1)/(0 + 5) - -2007. Suppose 32*n - f = 1801. What is the greatest common factor of n and 21?
7
Let z(w) = 6*w**2 + 65. Let q be z(-7). Suppose 353*h + 216 = q*h. Calculate the highest common factor of 90 and h.
18
Suppose -5*u + f = -3148, 9*f - 634 = -u + 7*f. Calculate the highest common factor of 1386 and u.
126
Suppose 7*w + 3*m = 965 + 4821, 5*m = -4*w + 3326. What is the highest common factor of 1133 and w?
103
Let x = -1118 + 7131. Calculate the highest common divisor of 7 and x.
7
Suppose 13*g - 4*j = 8*g + 26, 4*g = j + 23. Suppose 149 = g*k - 1123. What is the greatest common divisor of 53 and k?
53
Suppose 14*m + 2401 = 7*m. Let w = m + 508. What is the highest common divisor of 33 and w?
33
Let l(r) = 19*r**2 - 14*r - 51. Let t be l(-3). Calculate the greatest common factor of t and 2.
2
Suppose -38025 = -161*p - 8*p. Let t = -26 - -89. Let o = t - 38. What is the highest common factor of p and o?
25
Let g(j) = -j**3 + j + 39. Let t be g(0). Let o = -11222 + 22805. Suppose -51*v + o = -18*v. What is the greatest common divisor of t and v?
39
Let n be -92*13/(-156)*6. Suppose -8*t - f + 141 = -3*t, 5*f + 20 = 0. Let l = t + -6. Calculate the highest common divisor of n and l.
23
Suppose 10*f - 5*f + c + 815 = 0, c - 326 = 2*f. Suppose -10*d + 382 = 3292. Let j = f - d. Calculate the highest common divisor of j and 32.
32
Let o be 154/4*2980/1043. Calculate the greatest common divisor of 380 and o.
10
Let m = -185 - -189. Let a be (-396)/(-8)*m/3. What is the highest common factor of a and 77?
11
Let n be (150/1)/((105/14)/5). What is the